{"id":949,"date":"2017-10-17T13:12:22","date_gmt":"2017-10-17T11:12:22","guid":{"rendered":"http:\/\/ceaircorsica.com\/?page_id=949"},"modified":"2026-01-22T15:00:24","modified_gmt":"2026-01-22T14:00:24","slug":"commande-de-chocolats","status":"publish","type":"page","link":"https:\/\/ceaircorsica.com\/?page_id=949","title":{"rendered":"D\u00e9gustation et id\u00e9es cadeaux"},"content":{"rendered":"\n\n<hr \/>\n<p>Vous pouvez retrouver ci-dessous tout ce qui concerne les d\u00e9lices des f\u00eates de No\u00ebl, \u00e0 prix CSE, partout en Corse.\u00a0<\/p>\n<p>Les catalogues et bons de commandes sont \u00e0 d\u00e9couvrir en bas de la page.<\/p>\n<ul>\n<li><span style=\"color: #ff0000;\"><strong>CHOCOLATS<\/strong><\/span><\/li>\n<\/ul>\n<p><strong><span style=\"color: #339966;\"><span style=\"color: #008080;\">Jeff de Bruges<\/span> <\/span><\/strong><span style=\"color: #000000;\">( <em>4, avenue de Paris Ajaccio<\/em>)<\/span><\/p>\n<p>La commande est\u00a0 \u00e0 communiquer au CSE avec le ch\u00e8que de r\u00e8glement correspondant\u00a0 \u00e0 l&#8217;ordre de Jeff de Bruges avant le 12 novembre.<\/p>\n<p>Les chocolats seront \u00e0 r\u00e9cup\u00e9rer au local CSE du si\u00e8ge \u00e0 partir du 10 d\u00e9cembre. Vous serez avertis personnellement \u00e0 r\u00e9ception de votre commande.<\/p>\n<hr \/>\n<p><span style=\"color: #008000;\"><span style=\"color: #008080;\"><strong>De Neuville <\/strong><\/span><em><span style=\"color: #000000;\">(60, cours Napol\u00e9on Ajaccio)\u00a0<\/span><\/em><\/span><\/p>\n<p>en cours de construction<\/p>\n<p><a href=\"https:\/\/www.chocolat-deneuville.com\/\" target=\"_blank\" rel=\"noopener noreferrer\">Site Internet<\/a><\/p>\n<hr \/>\n<p><span style=\"color: #008000;\"><span style=\"color: #008080;\"><strong>Leonidas<\/strong><\/span><em><span style=\"color: #000000;\"> (Galerie La Rocade G\u00e9ant Casino Mezzavia)<\/span><\/em><\/span><\/p>\n<p>La commande est \u00e0 communiquer au CSE avant le 20 novembre.<\/p>\n<p>Les chocolats seront \u00e0 payer et \u00e0 retirer directement \u00e0 la boutique Centre commercial de la Rocade.\u00a0<\/p>\n<hr \/>\n<ul>\n<li><strong><span style=\"color: #ff0000;\">VINS PETILLANTS A COMMANDER\u00a0<\/span><\/strong><\/li>\n<\/ul>\n<p><span style=\"color: #008080;\"><strong>Muscat Nuit bleue<\/strong> <\/span>\u00e0 commander\u00a0 par mail au CSE avec une livraison le mercredi. R\u00e8glement par ch\u00e8que \u00a0\u00e0 l&#8217;ordre d&#8217;<em>UVIB<\/em><\/p>\n<p>Prix du carton livr\u00e9 : <strong><span style=\"color: #008080;\">42,00 \u20ac<\/span><\/strong><\/p>\n<p><span style=\"color: #339966;\"><strong><span style=\"color: #008080;\">Muscat Domaine Orsini<\/span> <\/strong><\/span>\u00e0 commander par mail au CSE avec une livraison le vendredi. R\u00e8glement par ch\u00e8que \u00e0 l&#8217;ordre du <em>Domaine Orsini<\/em>.<\/p>\n<p>Prix du carton livr\u00e9 : <span style=\"color: #008080;\"><strong>51,90 \u20ac<\/strong><\/span><\/p>\n<hr \/>\n<ul>\n<li><span style=\"color: #ff0000;\"><strong>DOUCEURS\u00a0<\/strong><\/span><\/li>\n<\/ul>\n<p><span style=\"color: #008080;\"><strong>Glacier Jos\u00e9 Salge<\/strong> <\/span><em>(Place des portes &#8211; Saint Forent)<\/em><\/p>\n<p>Aur\u00e9ol\u00e9 de sa m\u00e9daille de bronze d\u00e9croch\u00e9e pour son sorbet \u00e9nergisant &#8220;powa&#8221;\u00a0 au concours &#8220;le d\u00e9fi des glaciers&#8221; organis\u00e9 au salon du chocolat de Paris , l&#8217;artisan glacier Salge propose une remise\u00a0 de <span style=\"color: #008080;\"><strong>10 %<\/strong> <\/span>sur tous ses produits.<\/p>\n<p>Possibilit\u00e9\u00a0 de retrait au drive de Saint Florent et de livraison \u00e0 domicile dans la r\u00e9gion de Bastia.\u00a0<\/p>\n<hr \/>\n<ul>\n<li><strong><span style=\"color: #ff0000;\">DELICES SALES ET SUCRES\u00a0<\/span><\/strong><\/li>\n<\/ul>\n<p><span style=\"color: #008000;\"><span style=\"color: #008080;\"><b>Le Comptoir de Mathilde<\/b><\/span><span style=\"color: #000000;\"><b>\u00a0<\/b><\/span><\/span><span style=\"color: #000000;\"><em><span style=\"color: #000000;\">(15, <\/span>Cours Napol\u00e9on &#8211;\u00a0 Ajaccio)<\/em><\/span><\/p>\n<p><span style=\"color: #000000;\">Le comptoir de Mathilde applique une remise de <span style=\"color: #008080;\"><strong>10 %<\/strong>\u00a0<\/span> \u00a0toute l&#8217;ann\u00e9e sur l&#8217;ensemble du magasin (hors produits corses) et sur le catalogue ci dessous avec les coffrets de Noel 2025.<\/span><\/p>\n<hr \/>\n<p><strong><span style=\"color: #008000;\"><span style=\"color: #339966;\"><span style=\"color: #008080;\">Epicerie du Monde &#8221; Giru&#8221;<\/span>\u00a0<\/span> <\/span><\/strong><span style=\"color: #000000;\">(<\/span><span style=\"color: #008000;\"><span style=\"color: #000000;\"><em>2, avenue Emile Sari &#8211; Bastia )<\/em><\/span><\/span><\/p>\n<p>B\u00e9n\u00e9ficiez d&#8217;une remise de <span style=\"color: #008080;\"><strong>10 %<\/strong><\/span> toute l&#8217;ann\u00e9e et sur le catalogue de No\u00ebl ci-dessous.<\/p>\n<p>D\u00e9couvrez <strong>le foie gras de la Ferme Arnabar<\/strong>, le t\u00e9moignage de l&#8217;artisanat des Pays Basques, Les pains d&#8217;\u00e9pices de <strong>la Maison Rochefort<\/strong> sont une d\u00e9licieuse tradition revisit\u00e9e. Offrez l&#8217;\u00e9l\u00e9gance italienne avec les <strong>panettones Dolce &amp; Gabbana<\/strong>, ou la finesse fran\u00e7aise avec les chocolats de <strong>la Maison Pari\u00e8s<\/strong>.<br \/>Giru propose \u00e9galement pour les amateurs\u00a0 une large gamme de bi\u00e8res, vins et spiritueux, id\u00e9ale pour accompagner ces mets exquis.\u00a0<\/p>\n<hr \/>\n<p><strong><span style=\"color: #008080;\">L&#8217;esprit du vin <\/span><\/strong><em><span style=\"color: #000000;\">(Farone &#8211; Baleone)<\/span><\/em><\/p>\n<p>Ci-dessous le catalogue des f\u00eates de l&#8217;esprit du vin avec des remises de <span style=\"color: #008080;\"><strong>10 %<\/strong> <\/span>sur tous les vins corses, les spiritueux et les champagnes, <strong><span style=\"color: #008080;\">5 %<\/span><\/strong> sur les champagnes Ruinart, <strong><span style=\"color: #008080;\">5 %<\/span><\/strong> sur les vins du continent et les vins du monde.<\/p>\n<p>Catalogue de No\u00ebl ci-dessous<\/p>\n<hr \/>\n<p><strong><span style=\"color: #008080;\">L&#8217;F by Dominique Ferrero <\/span><\/strong><span style=\"color: #008080;\"><span style=\"color: #000000;\"><em>(429, bd Marie jeanne Bozzi &#8211; Porticcio)<\/em><\/span><\/span><\/p>\n<p>L&#8217;F est un concept store unique, \u00e0 la fois \u00e9picerie fine et lieu d&#8217;exp\u00e9riences conviviales autour de la gastronomie, des vins , des th\u00e9s des spiritueux et des arts de la table.\u00a0<\/p>\n<p>B\u00e9n\u00e9ficiez d&#8217;une remise de <strong><span style=\"color: #008080;\">10\u00a0 %<\/span><\/strong> sur tout le magasin toute l&#8217;ann\u00e9e ( hors promotions) et sur le catalogue de No\u00ebl ci-dessous.<\/p>\n<hr \/>\n<p><span style=\"color: #ff0000;\"><strong>AUTRES IDEES CADEAUX<\/strong><\/span><\/p>\n<p>Et cette ann\u00e9e, pourquoi ne pas oser le cadeau d\u00e9mat\u00e9rialis\u00e9 avec un atelier cuisine ou spiritueux de <span style=\"color: #008080;\"><strong>l&#8217;F by Dominique Ferrero<\/strong> <\/span>?<\/p>\n<p>A d\u00e9couvrir dans la pi\u00e8ce jointe en bas de page<\/p>\n\n\n<div class=\"wp-block-file\"><a id=\"wp-block-file--media-36033eee-66fd-4858-95f2-cd9184e2c304\" href=\"https:\/\/ceaircorsica.com\/wp-content\/uploads\/2025\/10\/Jeff-de-Bruges-catalogue.pdf\">Jeff de Bruges catalogue<\/a><a href=\"https:\/\/ceaircorsica.com\/wp-content\/uploads\/2025\/10\/Jeff-de-Bruges-catalogue.pdf\" class=\"wp-block-file__button wp-element-button\" download aria-describedby=\"wp-block-file--media-36033eee-66fd-4858-95f2-cd9184e2c304\">T\u00e9l\u00e9charger<\/a><\/div>\n\n\n\n<div class=\"wp-block-file\"><a id=\"wp-block-file--media-8664a340-0f17-490b-b41c-c1a8813d11ac\" href=\"https:\/\/ceaircorsica.com\/wp-content\/uploads\/2025\/10\/Bon-de-commande-Jeff-de-Bruges.pdf\">Jeff de Bruges BDC<\/a><a href=\"https:\/\/ceaircorsica.com\/wp-content\/uploads\/2025\/10\/Bon-de-commande-Jeff-de-Bruges.pdf\" class=\"wp-block-file__button wp-element-button\" download aria-describedby=\"wp-block-file--media-8664a340-0f17-490b-b41c-c1a8813d11ac\">T\u00e9l\u00e9charger<\/a><\/div>\n\n\n\n<div class=\"wp-block-file\"><a id=\"wp-block-file--media-6280c375-8398-40f9-8681-5a224e84ff9f\" href=\"https:\/\/ceaircorsica.com\/wp-content\/uploads\/2025\/10\/CATALOGUE-NOEL-2025-PLANCHES-HR-1.pdf\">Leonidas catalogue<\/a><a href=\"https:\/\/ceaircorsica.com\/wp-content\/uploads\/2025\/10\/CATALOGUE-NOEL-2025-PLANCHES-HR-1.pdf\" class=\"wp-block-file__button wp-element-button\" download aria-describedby=\"wp-block-file--media-6280c375-8398-40f9-8681-5a224e84ff9f\">T\u00e9l\u00e9charger<\/a><\/div>\n\n\n\n<div class=\"wp-block-file\"><a id=\"wp-block-file--media-74f7aa52-a934-44a0-9b35-24b2d15f353d\" href=\"https:\/\/ceaircorsica.com\/wp-content\/uploads\/2025\/10\/BDC-NOEL-CE-2025-remise-2.xlsx\">Leonidas BDC<\/a><a href=\"https:\/\/ceaircorsica.com\/wp-content\/uploads\/2025\/10\/BDC-NOEL-CE-2025-remise-2.xlsx\" class=\"wp-block-file__button wp-element-button\" download aria-describedby=\"wp-block-file--media-74f7aa52-a934-44a0-9b35-24b2d15f353d\">T\u00e9l\u00e9charger<\/a><\/div>\n\n\n\n<div class=\"wp-block-file\"><a id=\"wp-block-file--media-24b1017b-6a08-45a5-b342-9f0403a7dd86\" href=\"https:\/\/ceaircorsica.com\/wp-content\/uploads\/2025\/10\/Catalogue-Coffrets-Cadeaux-CDM-Ajaccio.pdf\">Catalogue Coffrets Cadeaux comptoir de Mathilde <\/a><a href=\"https:\/\/ceaircorsica.com\/wp-content\/uploads\/2025\/10\/Catalogue-Coffrets-Cadeaux-CDM-Ajaccio.pdf\" class=\"wp-block-file__button wp-element-button\" download aria-describedby=\"wp-block-file--media-24b1017b-6a08-45a5-b342-9f0403a7dd86\">T\u00e9l\u00e9charger<\/a><\/div>\n\n\n\n<div class=\"wp-block-file\"><a id=\"wp-block-file--media-390e4b12-5257-440e-a610-504cc1dd0ec1\" href=\"https:\/\/ceaircorsica.com\/wp-content\/uploads\/2025\/10\/Catalogue-Noel-lF-by-Ferrero.pdf\">Catalogue No\u00ebl l&#8217;F by Dominique Ferrero<\/a><a href=\"https:\/\/ceaircorsica.com\/wp-content\/uploads\/2025\/10\/Catalogue-Noel-lF-by-Ferrero.pdf\" class=\"wp-block-file__button wp-element-button\" download aria-describedby=\"wp-block-file--media-390e4b12-5257-440e-a610-504cc1dd0ec1\">T\u00e9l\u00e9charger<\/a><\/div>\n\n\n\n<div class=\"wp-block-file\"><a id=\"wp-block-file--media-123adc1d-2a27-4a20-8a8b-de679c22477d\" href=\"https:\/\/ceaircorsica.com\/wp-content\/uploads\/2025\/11\/Catalogue-de-Noel-2025-PRO-VF.pdf\">Catalogue de No\u00ebl l&#8217;esprit du vin<\/a><a href=\"https:\/\/ceaircorsica.com\/wp-content\/uploads\/2025\/11\/Catalogue-de-Noel-2025-PRO-VF.pdf\" class=\"wp-block-file__button wp-element-button\" download aria-describedby=\"wp-block-file--media-123adc1d-2a27-4a20-8a8b-de679c22477d\">T\u00e9l\u00e9charger<\/a><\/div>\n\n\n\n<div class=\"wp-block-file\"><a id=\"wp-block-file--media-cc999311-386d-4270-9716-d40669b799e8\" href=\"https:\/\/ceaircorsica.com\/wp-content\/uploads\/2025\/10\/Atelier-LF-by-Ferrero.pdf\">Atelier L&#8217;F by Dominique Ferrero<\/a><a href=\"https:\/\/ceaircorsica.com\/wp-content\/uploads\/2025\/10\/Atelier-LF-by-Ferrero.pdf\" class=\"wp-block-file__button wp-element-button\" download aria-describedby=\"wp-block-file--media-cc999311-386d-4270-9716-d40669b799e8\">T\u00e9l\u00e9charger<\/a><\/div>\n","protected":false},"excerpt":{"rendered":"<p>Vous pouvez retrouver ci-dessous tout ce qui concerne les d\u00e9lices des f\u00eates de No\u00ebl, \u00e0 prix CSE, partout en Corse.\u00a0 Les catalogues et bons de commandes sont \u00e0 d\u00e9couvrir en bas de la page. CHOCOLATS Jeff de Bruges ( 4, avenue de Paris Ajaccio) La commande est\u00a0 \u00e0 communiquer au CSE avec le ch\u00e8que de &hellip; <\/p>\n<p class=\"link-more\"><a href=\"https:\/\/ceaircorsica.com\/?page_id=949\" class=\"more-link\">Continuer la lecture<span class=\"screen-reader-text\"> de &laquo;&nbsp;D\u00e9gustation et id\u00e9es cadeaux&nbsp;&raquo;<\/span><\/a><\/p>\n","protected":false},"author":1,"featured_media":1085,"parent":936,"menu_order":1,"comment_status":"closed","ping_status":"closed","template":"","meta":{"footnotes":""},"class_list":["post-949","page","type-page","status-publish","has-post-thumbnail","hentry"],"_links":{"self":[{"href":"https:\/\/ceaircorsica.com\/index.php?rest_route=\/wp\/v2\/pages\/949","targetHints":{"allow":["GET"]}}],"collection":[{"href":"https:\/\/ceaircorsica.com\/index.php?rest_route=\/wp\/v2\/pages"}],"about":[{"href":"https:\/\/ceaircorsica.com\/index.php?rest_route=\/wp\/v2\/types\/page"}],"author":[{"embeddable":true,"href":"https:\/\/ceaircorsica.com\/index.php?rest_route=\/wp\/v2\/users\/1"}],"replies":[{"embeddable":true,"href":"https:\/\/ceaircorsica.com\/index.php?rest_route=%2Fwp%2Fv2%2Fcomments&post=949"}],"version-history":[{"count":141,"href":"https:\/\/ceaircorsica.com\/index.php?rest_route=\/wp\/v2\/pages\/949\/revisions"}],"predecessor-version":[{"id":4330,"href":"https:\/\/ceaircorsica.com\/index.php?rest_route=\/wp\/v2\/pages\/949\/revisions\/4330"}],"up":[{"embeddable":true,"href":"https:\/\/ceaircorsica.com\/index.php?rest_route=\/wp\/v2\/pages\/936"}],"wp:featuredmedia":[{"embeddable":true,"href":"https:\/\/ceaircorsica.com\/index.php?rest_route=\/wp\/v2\/media\/1085"}],"wp:attachment":[{"href":"https:\/\/ceaircorsica.com\/index.php?rest_route=%2Fwp%2Fv2%2Fmedia&parent=949"}],"curies":[{"name":"wp","href":"https:\/\/api.w.org\/{rel}","templated":true}]}}