{"id":411,"date":"2017-04-10T11:40:04","date_gmt":"2017-04-10T09:40:04","guid":{"rendered":"http:\/\/ceaircorsica.com\/?page_id=411"},"modified":"2025-11-17T18:47:29","modified_gmt":"2025-11-17T17:47:29","slug":"noel","status":"publish","type":"page","link":"https:\/\/ceaircorsica.com\/?page_id=411","title":{"rendered":"No\u00ebl"},"content":{"rendered":"<hr \/>\n<p>Le CSE est heureux de vous proposer une prime \u00e0 l&#8217;occasion des f\u00eates de No\u00ebl.<\/p>\n<p><span style=\"color: #3366ff;\">Cette prime destin\u00e9e au salari\u00e9 et d\u00e9livr\u00e9e sous forme de Cadhoc est disponible pendant tous le mois de d\u00e9cembre et le mois de janvier suivant.\u00a0 Au 31 janvier, les Cadhoc qui n&#8217;ont pas \u00e9t\u00e9 r\u00e9clam\u00e9s sont renvoy\u00e9s.\u00a0<\/span><\/p>\n<p><span style=\"color: #0000ff;\"><em>Montant<\/em><\/span> : 150 \u20ac\u00a0<\/p>\n<p><span style=\"color: #0000ff;\"><em>B\u00e9n\u00e9ficiaire<\/em><\/span> : tous les salari\u00e9s ayant un contrat de travail en cours<\/p>\n<p><span style=\"color: #0000ff;\"><em>Fonctionnement<\/em><\/span> : les ch\u00e9quiers Cadhoc sont \u00e0 retirer au CSE pour la base d&#8217;Ajaccio et achemin\u00e9s et distribu\u00e9s par nos correspondants dans les\u00a0 autres bases. Ils peuvent \u00eatre r\u00e9cup\u00e9r\u00e9s par une personne de confiance si vous \u00eates dans l&#8217;impossibilit\u00e9 de vous d\u00e9placer, sur simple mail de votre part au CSE.\u00a0<\/p>\n\n\n<p><\/p>\n","protected":false},"excerpt":{"rendered":"<p>Le CSE est heureux de vous proposer une prime \u00e0 l&#8217;occasion des f\u00eates de No\u00ebl. Cette prime destin\u00e9e au salari\u00e9 et d\u00e9livr\u00e9e sous forme de Cadhoc est disponible pendant tous le mois de d\u00e9cembre et le mois de janvier suivant.\u00a0 Au 31 janvier, les Cadhoc qui n&#8217;ont pas \u00e9t\u00e9 r\u00e9clam\u00e9s sont renvoy\u00e9s.\u00a0 Montant : 150 &hellip; <\/p>\n<p class=\"link-more\"><a href=\"https:\/\/ceaircorsica.com\/?page_id=411\" class=\"more-link\">Continuer la lecture<span class=\"screen-reader-text\"> de &laquo;&nbsp;No\u00ebl&nbsp;&raquo;<\/span><\/a><\/p>\n","protected":false},"author":1,"featured_media":436,"parent":391,"menu_order":4,"comment_status":"closed","ping_status":"closed","template":"","meta":{"footnotes":""},"class_list":["post-411","page","type-page","status-publish","has-post-thumbnail","hentry"],"_links":{"self":[{"href":"https:\/\/ceaircorsica.com\/index.php?rest_route=\/wp\/v2\/pages\/411","targetHints":{"allow":["GET"]}}],"collection":[{"href":"https:\/\/ceaircorsica.com\/index.php?rest_route=\/wp\/v2\/pages"}],"about":[{"href":"https:\/\/ceaircorsica.com\/index.php?rest_route=\/wp\/v2\/types\/page"}],"author":[{"embeddable":true,"href":"https:\/\/ceaircorsica.com\/index.php?rest_route=\/wp\/v2\/users\/1"}],"replies":[{"embeddable":true,"href":"https:\/\/ceaircorsica.com\/index.php?rest_route=%2Fwp%2Fv2%2Fcomments&post=411"}],"version-history":[{"count":15,"href":"https:\/\/ceaircorsica.com\/index.php?rest_route=\/wp\/v2\/pages\/411\/revisions"}],"predecessor-version":[{"id":4278,"href":"https:\/\/ceaircorsica.com\/index.php?rest_route=\/wp\/v2\/pages\/411\/revisions\/4278"}],"up":[{"embeddable":true,"href":"https:\/\/ceaircorsica.com\/index.php?rest_route=\/wp\/v2\/pages\/391"}],"wp:featuredmedia":[{"embeddable":true,"href":"https:\/\/ceaircorsica.com\/index.php?rest_route=\/wp\/v2\/media\/436"}],"wp:attachment":[{"href":"https:\/\/ceaircorsica.com\/index.php?rest_route=%2Fwp%2Fv2%2Fmedia&parent=411"}],"curies":[{"name":"wp","href":"https:\/\/api.w.org\/{rel}","templated":true}]}}