{"id":338,"date":"2017-04-06T12:54:11","date_gmt":"2017-04-06T10:54:11","guid":{"rendered":"http:\/\/ceaircorsica.com\/?page_id=338"},"modified":"2024-06-28T21:47:48","modified_gmt":"2024-06-28T19:47:48","slug":"animations-ce","status":"publish","type":"page","link":"https:\/\/ceaircorsica.com\/?page_id=338","title":{"rendered":"Animations CSE"},"content":{"rendered":"\n<p><strong><mark style=\"background-color:rgba(0, 0, 0, 0)\" class=\"has-inline-color has-vivid-cyan-blue-color\">D\u00e9gustation de cacavelli les 29 et 30 mars 2023 au CSE<\/mark><\/strong><\/p>\n\n\n\n<p>Le CSE vous convie \u00e0 une d\u00e9gustation de cacavelli qui se d\u00e9roulera le mercredi 29 et le jeudi 30 mars \u00e0 partir de 10 heures dans son local.<\/p>\n\n\n\n<p>A cette occasion, vous pourrez pr\u00e9commander vos cacavelli au prix de <strong>7 \u20ac le cacavelli simple <\/strong>et de <strong>7,50 \u20ac le cacavelli avec \u0153uf<\/strong>.<\/p>\n\n\n\n<p>Livraison au CSE jusqu\u2019au vendredi 7 avril ou \u00e0 l\u2019adresse de votre choix (uniquement sur Ajaccio ville) \u00e0 la date de votre choix.<\/p>\n\n\n<div class=\"wp-block-image\">\n<figure class=\"aligncenter size-full\"><img loading=\"lazy\" decoding=\"async\" width=\"220\" height=\"150\" src=\"https:\/\/ceaircorsica.com\/wp-content\/uploads\/2023\/03\/image-1.png\" alt=\"\" class=\"wp-image-3433\"\/><\/figure>\n<\/div>\n\n\n<p>&#8212;&#8212;&#8212;&#8212;&#8212;&#8212;&#8212;&#8212;&#8212;&#8212;&#8212;&#8212;&#8212;&#8212;&#8212;&#8212;&#8212;&#8212;&#8212;&#8212;&#8212;&#8212;&#8212;&#8212;&#8212;&#8212;&#8212;&#8212;&#8212;&#8212;&#8212;&#8212;&#8212;&#8212;&#8212;&#8212;&#8211;<\/p>\n\n\n\n<p class=\"has-vivid-cyan-blue-color has-text-color has-link-color wp-elements-0d0a12104301ffa25ac1a5f5982035f8\"><mark style=\"background-color:rgba(0, 0, 0, 0)\" class=\"has-inline-color has-vivid-cyan-blue-color\"><strong>S\u00e9ance d\u00e9couverte de yoga sur chaise en salle du Conseil le 29 mars<\/strong><\/mark> <strong>2023<\/strong> <strong><mark style=\"background-color:rgba(0, 0, 0, 0)\" class=\"has-inline-color has-vivid-cyan-blue-color\">\u00e0 la pause d\u00e9jeuner<\/mark><\/strong><\/p>\n\n\n\n<p>Le CSE en lien avec la CSSCT a eu envie de de vous proposer une s\u00e9ance de bien-\u00eatre sur votre lieu de travail.<\/p>\n\n\n\n<p>Une professeure de yoga viendra donc mercredi 29 mars sur la pause d\u00e9jeuner pour vous proposer une s\u00e9ance de yoga sur chaise de 30 minutes.<\/p>\n\n\n\n<p>Sur un format de 2 fois trente minutes, entre 12 heures 30 et 13 heures puis de 13 heures \u00e0 13 heures 30, chaque s\u00e9ance pourra accueillir 15 salari\u00e9s.<\/p>\n\n\n\n<p>Aucun \u00e9quipement sp\u00e9cial n\u2019est requis, la professeure pr\u00e9conise n\u00e9anmoins de privil\u00e9gier le pantalon plut\u00f4t que la robe ou la jupe pour les dames, et d\u2019apporter un petit plaid.<\/p>\n\n\n\n<p>Inscription par mail uniquement. D\u00e9p\u00eachez-vous&nbsp;!<\/p>\n\n\n<div class=\"wp-block-image\">\n<figure class=\"aligncenter size-full\"><img loading=\"lazy\" decoding=\"async\" width=\"300\" height=\"168\" src=\"https:\/\/ceaircorsica.com\/wp-content\/uploads\/2023\/03\/YOGA-A-LA-CHAISE.jpg\" alt=\"\" class=\"wp-image-3442\"\/><\/figure>\n<\/div>","protected":false},"excerpt":{"rendered":"<p>D\u00e9gustation de cacavelli les 29 et 30 mars 2023 au CSE Le CSE vous convie \u00e0 une d\u00e9gustation de cacavelli qui se d\u00e9roulera le mercredi 29 et le jeudi 30 mars \u00e0 partir de 10 heures dans son local. A cette occasion, vous pourrez pr\u00e9commander vos cacavelli au prix de 7 \u20ac le cacavelli simple &hellip; <\/p>\n<p class=\"link-more\"><a href=\"https:\/\/ceaircorsica.com\/?page_id=338\" class=\"more-link\">Continuer la lecture<span class=\"screen-reader-text\"> de &laquo;&nbsp;Animations CSE&nbsp;&raquo;<\/span><\/a><\/p>\n","protected":false},"author":1,"featured_media":0,"parent":342,"menu_order":1,"comment_status":"closed","ping_status":"closed","template":"","meta":{"footnotes":""},"class_list":["post-338","page","type-page","status-publish","hentry"],"_links":{"self":[{"href":"https:\/\/ceaircorsica.com\/index.php?rest_route=\/wp\/v2\/pages\/338","targetHints":{"allow":["GET"]}}],"collection":[{"href":"https:\/\/ceaircorsica.com\/index.php?rest_route=\/wp\/v2\/pages"}],"about":[{"href":"https:\/\/ceaircorsica.com\/index.php?rest_route=\/wp\/v2\/types\/page"}],"author":[{"embeddable":true,"href":"https:\/\/ceaircorsica.com\/index.php?rest_route=\/wp\/v2\/users\/1"}],"replies":[{"embeddable":true,"href":"https:\/\/ceaircorsica.com\/index.php?rest_route=%2Fwp%2Fv2%2Fcomments&post=338"}],"version-history":[{"count":14,"href":"https:\/\/ceaircorsica.com\/index.php?rest_route=\/wp\/v2\/pages\/338\/revisions"}],"predecessor-version":[{"id":3906,"href":"https:\/\/ceaircorsica.com\/index.php?rest_route=\/wp\/v2\/pages\/338\/revisions\/3906"}],"up":[{"embeddable":true,"href":"https:\/\/ceaircorsica.com\/index.php?rest_route=\/wp\/v2\/pages\/342"}],"wp:attachment":[{"href":"https:\/\/ceaircorsica.com\/index.php?rest_route=%2Fwp%2Fv2%2Fmedia&parent=338"}],"curies":[{"name":"wp","href":"https:\/\/api.w.org\/{rel}","templated":true}]}}